{"id":988,"date":"2025-03-12T08:01:26","date_gmt":"2025-03-12T08:01:26","guid":{"rendered":"https:\/\/lamurta.xyz\/?page_id=988"},"modified":"2025-03-22T17:39:01","modified_gmt":"2025-03-22T17:39:01","slug":"marcharon","status":"publish","type":"page","link":"https:\/\/lamurta.xyz\/index.php\/perretes\/marcharon\/","title":{"rendered":"YA MARCHARON"},"content":{"rendered":"\n<p>En la vida que elegimos, en la huerta , hemos tenido unos maravillosos compa\u00f1eros , unos perretes que nos colmado de alegria, de vida de amor incondicional&#8230;.<\/p>\n\n\n\n<p>algunos de ellos han emprendido un viaje sin retorno, aqui nuestro homenaje<\/p>\n\n\n\n<figure class=\"wp-block-gallery has-nested-images columns-default is-cropped wp-block-gallery-1 is-layout-flex wp-block-gallery-is-layout-flex\">\n<figure class=\"wp-block-image size-large\"><img loading=\"lazy\" decoding=\"async\" width=\"1024\" height=\"768\" data-id=\"995\" src=\"https:\/\/lamurta.xyz\/wp-content\/uploads\/2025\/03\/P1010154-1024x768.jpg\" alt=\"\" class=\"wp-image-995\" srcset=\"https:\/\/lamurta.xyz\/wp-content\/uploads\/2025\/03\/P1010154-1024x768.jpg 1024w, https:\/\/lamurta.xyz\/wp-content\/uploads\/2025\/03\/P1010154-300x225.jpg 300w, https:\/\/lamurta.xyz\/wp-content\/uploads\/2025\/03\/P1010154-768x576.jpg 768w, https:\/\/lamurta.xyz\/wp-content\/uploads\/2025\/03\/P1010154-1536x1152.jpg 1536w, https:\/\/lamurta.xyz\/wp-content\/uploads\/2025\/03\/P1010154-2048x1536.jpg 2048w, https:\/\/lamurta.xyz\/wp-content\/uploads\/2025\/03\/P1010154-640x480.jpg 640w\" sizes=\"auto, (max-width: 1024px) 100vw, 1024px\" \/><\/figure>\n\n\n\n<figure class=\"wp-block-image size-large\"><img loading=\"lazy\" decoding=\"async\" width=\"1024\" height=\"768\" data-id=\"994\" src=\"https:\/\/lamurta.xyz\/wp-content\/uploads\/2025\/03\/P1010155-1-1024x768.jpg\" alt=\"\" class=\"wp-image-994\" srcset=\"https:\/\/lamurta.xyz\/wp-content\/uploads\/2025\/03\/P1010155-1-1024x768.jpg 1024w, https:\/\/lamurta.xyz\/wp-content\/uploads\/2025\/03\/P1010155-1-300x225.jpg 300w, https:\/\/lamurta.xyz\/wp-content\/uploads\/2025\/03\/P1010155-1-768x576.jpg 768w, https:\/\/lamurta.xyz\/wp-content\/uploads\/2025\/03\/P1010155-1-1536x1152.jpg 1536w, https:\/\/lamurta.xyz\/wp-content\/uploads\/2025\/03\/P1010155-1-2048x1536.jpg 2048w, https:\/\/lamurta.xyz\/wp-content\/uploads\/2025\/03\/P1010155-1-640x480.jpg 640w\" sizes=\"auto, (max-width: 1024px) 100vw, 1024px\" \/><\/figure>\n\n\n\n<figure class=\"wp-block-image size-large\"><img loading=\"lazy\" decoding=\"async\" width=\"1024\" height=\"768\" data-id=\"996\" src=\"https:\/\/lamurta.xyz\/wp-content\/uploads\/2025\/03\/P1010160-1024x768.jpg\" alt=\"\" class=\"wp-image-996\" srcset=\"https:\/\/lamurta.xyz\/wp-content\/uploads\/2025\/03\/P1010160-1024x768.jpg 1024w, https:\/\/lamurta.xyz\/wp-content\/uploads\/2025\/03\/P1010160-300x225.jpg 300w, https:\/\/lamurta.xyz\/wp-content\/uploads\/2025\/03\/P1010160-768x576.jpg 768w, https:\/\/lamurta.xyz\/wp-content\/uploads\/2025\/03\/P1010160-1536x1152.jpg 1536w, https:\/\/lamurta.xyz\/wp-content\/uploads\/2025\/03\/P1010160-2048x1536.jpg 2048w, https:\/\/lamurta.xyz\/wp-content\/uploads\/2025\/03\/P1010160-640x480.jpg 640w\" sizes=\"auto, (max-width: 1024px) 100vw, 1024px\" \/><\/figure>\n\n\n\n<figure class=\"wp-block-image size-large\"><img loading=\"lazy\" decoding=\"async\" width=\"1024\" height=\"768\" data-id=\"993\" src=\"https:\/\/lamurta.xyz\/wp-content\/uploads\/2025\/03\/P1010210-1024x768.jpg\" alt=\"\" class=\"wp-image-993\" srcset=\"https:\/\/lamurta.xyz\/wp-content\/uploads\/2025\/03\/P1010210-1024x768.jpg 1024w, https:\/\/lamurta.xyz\/wp-content\/uploads\/2025\/03\/P1010210-300x225.jpg 300w, https:\/\/lamurta.xyz\/wp-content\/uploads\/2025\/03\/P1010210-768x576.jpg 768w, https:\/\/lamurta.xyz\/wp-content\/uploads\/2025\/03\/P1010210-1536x1152.jpg 1536w, https:\/\/lamurta.xyz\/wp-content\/uploads\/2025\/03\/P1010210-2048x1536.jpg 2048w, https:\/\/lamurta.xyz\/wp-content\/uploads\/2025\/03\/P1010210-640x480.jpg 640w\" sizes=\"auto, (max-width: 1024px) 100vw, 1024px\" \/><\/figure>\n\n\n\n<figure class=\"wp-block-image size-large\"><img loading=\"lazy\" decoding=\"async\" width=\"1024\" height=\"768\" data-id=\"998\" src=\"https:\/\/lamurta.xyz\/wp-content\/uploads\/2025\/03\/P1010564-1024x768.jpg\" alt=\"\" class=\"wp-image-998\" srcset=\"https:\/\/lamurta.xyz\/wp-content\/uploads\/2025\/03\/P1010564-1024x768.jpg 1024w, https:\/\/lamurta.xyz\/wp-content\/uploads\/2025\/03\/P1010564-300x225.jpg 300w, https:\/\/lamurta.xyz\/wp-content\/uploads\/2025\/03\/P1010564-768x576.jpg 768w, https:\/\/lamurta.xyz\/wp-content\/uploads\/2025\/03\/P1010564-1536x1152.jpg 1536w, https:\/\/lamurta.xyz\/wp-content\/uploads\/2025\/03\/P1010564-2048x1536.jpg 2048w, https:\/\/lamurta.xyz\/wp-content\/uploads\/2025\/03\/P1010564-640x480.jpg 640w\" sizes=\"auto, (max-width: 1024px) 100vw, 1024px\" \/><\/figure>\n\n\n\n<figure class=\"wp-block-image size-large\"><img loading=\"lazy\" decoding=\"async\" width=\"1024\" height=\"768\" data-id=\"997\" src=\"https:\/\/lamurta.xyz\/wp-content\/uploads\/2025\/03\/P1010613-1024x768.jpg\" alt=\"\" class=\"wp-image-997\" srcset=\"https:\/\/lamurta.xyz\/wp-content\/uploads\/2025\/03\/P1010613-1024x768.jpg 1024w, https:\/\/lamurta.xyz\/wp-content\/uploads\/2025\/03\/P1010613-300x225.jpg 300w, https:\/\/lamurta.xyz\/wp-content\/uploads\/2025\/03\/P1010613-768x576.jpg 768w, https:\/\/lamurta.xyz\/wp-content\/uploads\/2025\/03\/P1010613-1536x1152.jpg 1536w, https:\/\/lamurta.xyz\/wp-content\/uploads\/2025\/03\/P1010613-2048x1536.jpg 2048w, https:\/\/lamurta.xyz\/wp-content\/uploads\/2025\/03\/P1010613-640x480.jpg 640w\" sizes=\"auto, (max-width: 1024px) 100vw, 1024px\" \/><\/figure>\n\n\n\n<figure class=\"wp-block-image size-large\"><img loading=\"lazy\" decoding=\"async\" width=\"1024\" height=\"768\" data-id=\"991\" src=\"https:\/\/lamurta.xyz\/wp-content\/uploads\/2025\/03\/PICT0004-2-1024x768.jpg\" alt=\"\" class=\"wp-image-991\" srcset=\"https:\/\/lamurta.xyz\/wp-content\/uploads\/2025\/03\/PICT0004-2-1024x768.jpg 1024w, https:\/\/lamurta.xyz\/wp-content\/uploads\/2025\/03\/PICT0004-2-300x225.jpg 300w, https:\/\/lamurta.xyz\/wp-content\/uploads\/2025\/03\/PICT0004-2-768x576.jpg 768w, https:\/\/lamurta.xyz\/wp-content\/uploads\/2025\/03\/PICT0004-2-1536x1152.jpg 1536w, https:\/\/lamurta.xyz\/wp-content\/uploads\/2025\/03\/PICT0004-2-2048x1536.jpg 2048w, https:\/\/lamurta.xyz\/wp-content\/uploads\/2025\/03\/PICT0004-2-640x480.jpg 640w\" sizes=\"auto, (max-width: 1024px) 100vw, 1024px\" \/><\/figure>\n\n\n\n<figure class=\"wp-block-image size-large\"><img loading=\"lazy\" decoding=\"async\" width=\"1024\" height=\"768\" data-id=\"992\" src=\"https:\/\/lamurta.xyz\/wp-content\/uploads\/2025\/03\/PICT0007-1024x768.jpg\" alt=\"\" class=\"wp-image-992\" srcset=\"https:\/\/lamurta.xyz\/wp-content\/uploads\/2025\/03\/PICT0007-1024x768.jpg 1024w, https:\/\/lamurta.xyz\/wp-content\/uploads\/2025\/03\/PICT0007-300x225.jpg 300w, https:\/\/lamurta.xyz\/wp-content\/uploads\/2025\/03\/PICT0007-768x576.jpg 768w, https:\/\/lamurta.xyz\/wp-content\/uploads\/2025\/03\/PICT0007-1536x1152.jpg 1536w, https:\/\/lamurta.xyz\/wp-content\/uploads\/2025\/03\/PICT0007-2048x1536.jpg 2048w, https:\/\/lamurta.xyz\/wp-content\/uploads\/2025\/03\/PICT0007-640x480.jpg 640w\" sizes=\"auto, (max-width: 1024px) 100vw, 1024px\" \/><\/figure>\n\n\n\n<figure class=\"wp-block-image size-large\"><img loading=\"lazy\" decoding=\"async\" width=\"768\" height=\"1024\" data-id=\"990\" src=\"https:\/\/lamurta.xyz\/wp-content\/uploads\/2025\/03\/PICT0011-768x1024.jpg\" alt=\"\" class=\"wp-image-990\" srcset=\"https:\/\/lamurta.xyz\/wp-content\/uploads\/2025\/03\/PICT0011-768x1024.jpg 768w, https:\/\/lamurta.xyz\/wp-content\/uploads\/2025\/03\/PICT0011-225x300.jpg 225w, https:\/\/lamurta.xyz\/wp-content\/uploads\/2025\/03\/PICT0011-1152x1536.jpg 1152w, https:\/\/lamurta.xyz\/wp-content\/uploads\/2025\/03\/PICT0011-1536x2048.jpg 1536w, https:\/\/lamurta.xyz\/wp-content\/uploads\/2025\/03\/PICT0011-480x640.jpg 480w, https:\/\/lamurta.xyz\/wp-content\/uploads\/2025\/03\/PICT0011.jpg 1704w\" sizes=\"auto, (max-width: 768px) 100vw, 768px\" \/><\/figure>\n<\/figure>\n\n\n\n<p>LAYA sin duda nuestra amiga mas dulce, era pura miel <\/p>\n\n\n\n<figure class=\"wp-block-audio\"><audio controls src=\"https:\/\/lamurta.xyz\/wp-content\/uploads\/2025\/03\/Nando-Agueros-y-Sergio-Agueros-Viento-del-Norte.mp3\" autoplay><\/audio><\/figure>\n\n\n\n<figure class=\"wp-block-gallery has-nested-images columns-default is-cropped wp-block-gallery-2 is-layout-flex wp-block-gallery-is-layout-flex\">\n<figure class=\"wp-block-image size-large\"><img loading=\"lazy\" decoding=\"async\" width=\"768\" height=\"1024\" data-id=\"678\" src=\"https:\/\/lamurta.xyz\/wp-content\/uploads\/2023\/02\/IMG_20220326_171625-768x1024.jpg\" alt=\"\" class=\"wp-image-678\" srcset=\"https:\/\/lamurta.xyz\/wp-content\/uploads\/2023\/02\/IMG_20220326_171625-768x1024.jpg 768w, https:\/\/lamurta.xyz\/wp-content\/uploads\/2023\/02\/IMG_20220326_171625-225x300.jpg 225w, https:\/\/lamurta.xyz\/wp-content\/uploads\/2023\/02\/IMG_20220326_171625-1152x1536.jpg 1152w, https:\/\/lamurta.xyz\/wp-content\/uploads\/2023\/02\/IMG_20220326_171625-1536x2048.jpg 1536w, https:\/\/lamurta.xyz\/wp-content\/uploads\/2023\/02\/IMG_20220326_171625-113x150.jpg 113w, https:\/\/lamurta.xyz\/wp-content\/uploads\/2023\/02\/IMG_20220326_171625-scaled.jpg 1920w\" sizes=\"auto, (max-width: 768px) 100vw, 768px\" \/><\/figure>\n\n\n\n<figure class=\"wp-block-image size-large\"><img loading=\"lazy\" decoding=\"async\" width=\"1024\" height=\"768\" data-id=\"673\" src=\"https:\/\/lamurta.xyz\/wp-content\/uploads\/2023\/02\/IMG_20211005_105941_206-1024x768.jpg\" alt=\"\" class=\"wp-image-673\" srcset=\"https:\/\/lamurta.xyz\/wp-content\/uploads\/2023\/02\/IMG_20211005_105941_206-1024x768.jpg 1024w, https:\/\/lamurta.xyz\/wp-content\/uploads\/2023\/02\/IMG_20211005_105941_206-300x225.jpg 300w, https:\/\/lamurta.xyz\/wp-content\/uploads\/2023\/02\/IMG_20211005_105941_206-768x576.jpg 768w, https:\/\/lamurta.xyz\/wp-content\/uploads\/2023\/02\/IMG_20211005_105941_206-1536x1152.jpg 1536w, https:\/\/lamurta.xyz\/wp-content\/uploads\/2023\/02\/IMG_20211005_105941_206-2048x1536.jpg 2048w, https:\/\/lamurta.xyz\/wp-content\/uploads\/2023\/02\/IMG_20211005_105941_206-150x113.jpg 150w\" sizes=\"auto, (max-width: 1024px) 100vw, 1024px\" \/><\/figure>\n\n\n\n<figure class=\"wp-block-image size-large\"><img loading=\"lazy\" decoding=\"async\" width=\"768\" height=\"1024\" data-id=\"677\" src=\"https:\/\/lamurta.xyz\/wp-content\/uploads\/2023\/02\/IMG_20220509_182648-768x1024.jpg\" alt=\"\" class=\"wp-image-677\" srcset=\"https:\/\/lamurta.xyz\/wp-content\/uploads\/2023\/02\/IMG_20220509_182648-768x1024.jpg 768w, https:\/\/lamurta.xyz\/wp-content\/uploads\/2023\/02\/IMG_20220509_182648-225x300.jpg 225w, https:\/\/lamurta.xyz\/wp-content\/uploads\/2023\/02\/IMG_20220509_182648-1152x1536.jpg 1152w, https:\/\/lamurta.xyz\/wp-content\/uploads\/2023\/02\/IMG_20220509_182648-1536x2048.jpg 1536w, https:\/\/lamurta.xyz\/wp-content\/uploads\/2023\/02\/IMG_20220509_182648-113x150.jpg 113w, https:\/\/lamurta.xyz\/wp-content\/uploads\/2023\/02\/IMG_20220509_182648-scaled.jpg 1920w\" sizes=\"auto, (max-width: 768px) 100vw, 768px\" \/><\/figure>\n\n\n\n<figure class=\"wp-block-image size-large\"><img loading=\"lazy\" decoding=\"async\" width=\"450\" height=\"600\" data-id=\"476\" src=\"https:\/\/lamurta.xyz\/wp-content\/uploads\/2023\/01\/IMG_20181209_111218-web.png\" alt=\"\" class=\"wp-image-476\" srcset=\"https:\/\/lamurta.xyz\/wp-content\/uploads\/2023\/01\/IMG_20181209_111218-web.png 450w, https:\/\/lamurta.xyz\/wp-content\/uploads\/2023\/01\/IMG_20181209_111218-web-225x300.png 225w, https:\/\/lamurta.xyz\/wp-content\/uploads\/2023\/01\/IMG_20181209_111218-web-113x150.png 113w\" sizes=\"auto, (max-width: 450px) 100vw, 450px\" \/><\/figure>\n\n\n\n<figure class=\"wp-block-image size-large\"><img loading=\"lazy\" decoding=\"async\" width=\"450\" height=\"600\" data-id=\"474\" src=\"https:\/\/lamurta.xyz\/wp-content\/uploads\/2023\/01\/IMG_20190316_094720-web.png\" alt=\"\" class=\"wp-image-474\" srcset=\"https:\/\/lamurta.xyz\/wp-content\/uploads\/2023\/01\/IMG_20190316_094720-web.png 450w, https:\/\/lamurta.xyz\/wp-content\/uploads\/2023\/01\/IMG_20190316_094720-web-225x300.png 225w, https:\/\/lamurta.xyz\/wp-content\/uploads\/2023\/01\/IMG_20190316_094720-web-113x150.png 113w\" sizes=\"auto, (max-width: 450px) 100vw, 450px\" \/><\/figure>\n\n\n\n<figure class=\"wp-block-image size-large\"><img loading=\"lazy\" decoding=\"async\" width=\"450\" height=\"600\" data-id=\"472\" src=\"https:\/\/lamurta.xyz\/wp-content\/uploads\/2023\/01\/IMG_20181209_111441-web.png\" alt=\"\" class=\"wp-image-472\" srcset=\"https:\/\/lamurta.xyz\/wp-content\/uploads\/2023\/01\/IMG_20181209_111441-web.png 450w, https:\/\/lamurta.xyz\/wp-content\/uploads\/2023\/01\/IMG_20181209_111441-web-225x300.png 225w, https:\/\/lamurta.xyz\/wp-content\/uploads\/2023\/01\/IMG_20181209_111441-web-113x150.png 113w\" sizes=\"auto, (max-width: 450px) 100vw, 450px\" \/><\/figure>\n\n\n\n<figure class=\"wp-block-image size-large\"><img loading=\"lazy\" decoding=\"async\" width=\"450\" height=\"600\" data-id=\"470\" src=\"https:\/\/lamurta.xyz\/wp-content\/uploads\/2023\/01\/IMG_20181203_113549-web.png\" alt=\"\" class=\"wp-image-470\" srcset=\"https:\/\/lamurta.xyz\/wp-content\/uploads\/2023\/01\/IMG_20181203_113549-web.png 450w, https:\/\/lamurta.xyz\/wp-content\/uploads\/2023\/01\/IMG_20181203_113549-web-225x300.png 225w, https:\/\/lamurta.xyz\/wp-content\/uploads\/2023\/01\/IMG_20181203_113549-web-113x150.png 113w\" sizes=\"auto, (max-width: 450px) 100vw, 450px\" \/><\/figure>\n\n\n\n<figure class=\"wp-block-image size-large\"><img loading=\"lazy\" decoding=\"async\" width=\"450\" height=\"600\" data-id=\"465\" src=\"https:\/\/lamurta.xyz\/wp-content\/uploads\/2023\/01\/IMG_20190331_133556-web.png\" alt=\"\" class=\"wp-image-465\" srcset=\"https:\/\/lamurta.xyz\/wp-content\/uploads\/2023\/01\/IMG_20190331_133556-web.png 450w, https:\/\/lamurta.xyz\/wp-content\/uploads\/2023\/01\/IMG_20190331_133556-web-225x300.png 225w, https:\/\/lamurta.xyz\/wp-content\/uploads\/2023\/01\/IMG_20190331_133556-web-113x150.png 113w\" sizes=\"auto, (max-width: 450px) 100vw, 450px\" \/><\/figure>\n\n\n\n<figure class=\"wp-block-image size-large\"><img loading=\"lazy\" decoding=\"async\" width=\"450\" height=\"600\" data-id=\"463\" src=\"https:\/\/lamurta.xyz\/wp-content\/uploads\/2023\/01\/IMG_20181128_132846-web.png\" alt=\"\" class=\"wp-image-463\" srcset=\"https:\/\/lamurta.xyz\/wp-content\/uploads\/2023\/01\/IMG_20181128_132846-web.png 450w, https:\/\/lamurta.xyz\/wp-content\/uploads\/2023\/01\/IMG_20181128_132846-web-225x300.png 225w, https:\/\/lamurta.xyz\/wp-content\/uploads\/2023\/01\/IMG_20181128_132846-web-113x150.png 113w\" sizes=\"auto, (max-width: 450px) 100vw, 450px\" \/><\/figure>\n\n\n\n<figure class=\"wp-block-image size-large\"><img loading=\"lazy\" decoding=\"async\" width=\"450\" height=\"600\" data-id=\"460\" src=\"https:\/\/lamurta.xyz\/wp-content\/uploads\/2023\/01\/IMG_20190328_093701-web.png\" alt=\"\" class=\"wp-image-460\" srcset=\"https:\/\/lamurta.xyz\/wp-content\/uploads\/2023\/01\/IMG_20190328_093701-web.png 450w, https:\/\/lamurta.xyz\/wp-content\/uploads\/2023\/01\/IMG_20190328_093701-web-225x300.png 225w, https:\/\/lamurta.xyz\/wp-content\/uploads\/2023\/01\/IMG_20190328_093701-web-113x150.png 113w\" sizes=\"auto, (max-width: 450px) 100vw, 450px\" \/><\/figure>\n\n\n\n<figure class=\"wp-block-image size-large\"><img loading=\"lazy\" decoding=\"async\" width=\"450\" height=\"600\" data-id=\"459\" src=\"https:\/\/lamurta.xyz\/wp-content\/uploads\/2023\/01\/IMG_20190109_191530_HHT-web.png\" alt=\"\" class=\"wp-image-459\" srcset=\"https:\/\/lamurta.xyz\/wp-content\/uploads\/2023\/01\/IMG_20190109_191530_HHT-web.png 450w, https:\/\/lamurta.xyz\/wp-content\/uploads\/2023\/01\/IMG_20190109_191530_HHT-web-225x300.png 225w, https:\/\/lamurta.xyz\/wp-content\/uploads\/2023\/01\/IMG_20190109_191530_HHT-web-113x150.png 113w\" sizes=\"auto, (max-width: 450px) 100vw, 450px\" \/><\/figure>\n\n\n\n<figure class=\"wp-block-image size-large\"><img loading=\"lazy\" decoding=\"async\" width=\"450\" height=\"600\" data-id=\"450\" src=\"https:\/\/lamurta.xyz\/wp-content\/uploads\/2023\/01\/IMG_20190316_102216-web.png\" alt=\"\" class=\"wp-image-450\" srcset=\"https:\/\/lamurta.xyz\/wp-content\/uploads\/2023\/01\/IMG_20190316_102216-web.png 450w, https:\/\/lamurta.xyz\/wp-content\/uploads\/2023\/01\/IMG_20190316_102216-web-225x300.png 225w, https:\/\/lamurta.xyz\/wp-content\/uploads\/2023\/01\/IMG_20190316_102216-web-113x150.png 113w\" sizes=\"auto, (max-width: 450px) 100vw, 450px\" \/><\/figure>\n\n\n\n<figure class=\"wp-block-image size-large\"><img loading=\"lazy\" decoding=\"async\" width=\"450\" height=\"600\" data-id=\"447\" src=\"https:\/\/lamurta.xyz\/wp-content\/uploads\/2023\/01\/IMG_20180831_180357-web.png\" alt=\"\" class=\"wp-image-447\" srcset=\"https:\/\/lamurta.xyz\/wp-content\/uploads\/2023\/01\/IMG_20180831_180357-web.png 450w, https:\/\/lamurta.xyz\/wp-content\/uploads\/2023\/01\/IMG_20180831_180357-web-225x300.png 225w, https:\/\/lamurta.xyz\/wp-content\/uploads\/2023\/01\/IMG_20180831_180357-web-113x150.png 113w\" sizes=\"auto, (max-width: 450px) 100vw, 450px\" \/><\/figure>\n<\/figure>\n\n\n\n<p>Lupin falleci\u00f3 el 10 de marzo de 2025, el c\u00e1ncer que descubrimos el a\u00f1o anterior , al final pudo con el. Lupin, \u00abel pirata\u00bb como le dec\u00eda Juani, \u00abgolfo\u00bb le llamaba yo, \u00abcaraguapa\u00bb, creo poder decir sin hacer de menos a otros, que ha sido el compa\u00f1ero de vida mas especial que hemos tenido, era inteligente y listo como pocos un bicho y un trasto, su marcha nos deja un vac\u00edo inmenso<\/p>\n\n\n\n<p><\/p>\n","protected":false},"excerpt":{"rendered":"<p>En la vida que elegimos, en la huerta , hemos tenido unos maravillosos compa\u00f1eros , unos perretes que nos colmado de alegria, de vida de amor incondicional&#8230;. algunos de ellos han emprendido un viaje sin retorno, aqui nuestro homenaje LAYA sin duda nuestra amiga&#8230;<\/p>\n","protected":false},"author":1,"featured_media":0,"parent":31,"menu_order":9,"comment_status":"closed","ping_status":"closed","template":"","meta":{"_kadence_starter_templates_imported_post":false,"footnotes":""},"class_list":["post-988","page","type-page","status-publish","hentry"],"_links":{"self":[{"href":"https:\/\/lamurta.xyz\/index.php\/wp-json\/wp\/v2\/pages\/988","targetHints":{"allow":["GET"]}}],"collection":[{"href":"https:\/\/lamurta.xyz\/index.php\/wp-json\/wp\/v2\/pages"}],"about":[{"href":"https:\/\/lamurta.xyz\/index.php\/wp-json\/wp\/v2\/types\/page"}],"author":[{"embeddable":true,"href":"https:\/\/lamurta.xyz\/index.php\/wp-json\/wp\/v2\/users\/1"}],"replies":[{"embeddable":true,"href":"https:\/\/lamurta.xyz\/index.php\/wp-json\/wp\/v2\/comments?post=988"}],"version-history":[{"count":9,"href":"https:\/\/lamurta.xyz\/index.php\/wp-json\/wp\/v2\/pages\/988\/revisions"}],"predecessor-version":[{"id":1109,"href":"https:\/\/lamurta.xyz\/index.php\/wp-json\/wp\/v2\/pages\/988\/revisions\/1109"}],"up":[{"embeddable":true,"href":"https:\/\/lamurta.xyz\/index.php\/wp-json\/wp\/v2\/pages\/31"}],"wp:attachment":[{"href":"https:\/\/lamurta.xyz\/index.php\/wp-json\/wp\/v2\/media?parent=988"}],"curies":[{"name":"wp","href":"https:\/\/api.w.org\/{rel}","templated":true}]}}